{"id":1769,"date":"2019-05-23T21:12:29","date_gmt":"2019-05-23T19:12:29","guid":{"rendered":"https:\/\/ch2021.ch\/?page_id=1769"},"modified":"2019-07-04T11:32:10","modified_gmt":"2019-07-04T09:32:10","slug":"geschichte-des-frauenstimmrechts","status":"publish","type":"page","link":"https:\/\/ch2021.ch\/fr\/histoire\/geschichte-des-frauenstimmrechts\/","title":{"rendered":"Geschichte des Frauenstimmrechts"},"content":{"rendered":"\n<style type=\"text\/css\" data-created_by=\"avia_inline_auto\" id=\"style-css-av-jkjmqted-1bfc06e0696c006ffbba2ae48f5c592d\">\n.avia-section.av-jkjmqted-1bfc06e0696c006ffbba2ae48f5c592d{\nbackground-color:#e3cc9b;\nbackground:linear-gradient( to bottom right, #e3cc9b, #e2212a );\n}\n.avia-section.av-jkjmqted-1bfc06e0696c006ffbba2ae48f5c592d .av-extra-border-element .av-extra-border-inner{\nbackground-color:#ffffff;\n}\n<\/style>\n<div id='av_section_1'  class='avia-section av-jkjmqted-1bfc06e0696c006ffbba2ae48f5c592d header_color avia-section-no-padding avia-no-shadow  avia-builder-el-0  el_before_av_section  avia-builder-el-first  avia-bg-style-scroll av-minimum-height av-minimum-height-custom av-height-custom  container_wrap sidebar_right'   data-av_minimum_height_px='450'><div class='container av-section-cont-open' style='height:450px'><main  role=\"main\" itemprop=\"mainContentOfPage\"  class='template-page content  av-content-small alpha units'><div class='post-entry post-entry-type-page post-entry-1769'><div class='entry-content-wrapper clearfix'>\n\n<style type=\"text\/css\" data-created_by=\"avia_inline_auto\" id=\"style-css-av-1xn9f-60a3102d85cb0bac4be34634a8c4da3f\">\n.flex_column.av-1xn9f-60a3102d85cb0bac4be34634a8c4da3f{\nborder-radius:0px 0px 0px 0px;\npadding:0px 0px 0px 0px;\n}\n<\/style>\n<div  class='flex_column av-1xn9f-60a3102d85cb0bac4be34634a8c4da3f av_one_full  avia-builder-el-1  avia-builder-el-no-sibling  first flex_column_div av-animated-generic pop-up av-zero-column-padding  '     ><style type=\"text\/css\" data-created_by=\"avia_inline_auto\" id=\"style-css-av-jxnrkv1n-73a392fa1c9d887a5d2b9149f7872d84\">\n#top .av-special-heading.av-jxnrkv1n-73a392fa1c9d887a5d2b9149f7872d84{\npadding-bottom:10px;\nfont-size:5vw;\n}\nbody .av-special-heading.av-jxnrkv1n-73a392fa1c9d887a5d2b9149f7872d84 .av-special-heading-tag .heading-char{\nfont-size:25px;\n}\n#top #wrap_all .av-special-heading.av-jxnrkv1n-73a392fa1c9d887a5d2b9149f7872d84 .av-special-heading-tag{\nfont-size:5vw;\n}\n.av-special-heading.av-jxnrkv1n-73a392fa1c9d887a5d2b9149f7872d84 .av-subheading{\nfont-size:15px;\n}\n\n@media only screen and (min-width: 480px) and (max-width: 767px){ \n#top #wrap_all .av-special-heading.av-jxnrkv1n-73a392fa1c9d887a5d2b9149f7872d84 .av-special-heading-tag{\nfont-size:0.8em;\n}\n}\n\n@media only screen and (max-width: 479px){ \n#top #wrap_all .av-special-heading.av-jxnrkv1n-73a392fa1c9d887a5d2b9149f7872d84 .av-special-heading-tag{\nfont-size:0.8em;\n}\n}\n<\/style>\n<div  class='av-special-heading av-jxnrkv1n-73a392fa1c9d887a5d2b9149f7872d84 av-special-heading-h1 blockquote modern-quote  avia-builder-el-2  avia-builder-el-no-sibling  av-inherit-size'><h1 class='av-special-heading-tag '  itemprop=\"headline\"  >Geschichte des Frauenstimmrechts<\/h1><div class=\"special-heading-border\"><div class=\"special-heading-inner-border\"><\/div><\/div><\/div><\/div>\n\n<\/div><\/div><\/main><!-- close content main element --><\/div><div class='av-extra-border-element border-extra-diagonal border-extra-diagonal-inverse '><div class='av-extra-border-outer'><div class='av-extra-border-inner'><\/div><\/div><\/div><\/div><div id='av_section_2'  class='avia-section av-bnpe1-3862db963e8e956298042bb121737694 main_color avia-section-default avia-no-border-styling  avia-builder-el-3  el_after_av_section  avia-builder-el-last  avia-bg-style-scroll container_wrap sidebar_right'  ><div class='container av-section-cont-open' ><div class='template-page content  av-content-small alpha units'><div class='post-entry post-entry-type-page post-entry-1769'><div class='entry-content-wrapper clearfix'>\n<section  class='av_textblock_section av-jxnrkw6r-3e9730cb5a70773dc7666786c1c6be05 '   itemscope=\"itemscope\" itemtype=\"https:\/\/schema.org\/CreativeWork\" ><div class='avia_textblock'  itemprop=\"text\" ><p>Am 7. Februar 1971 stimmten die Schweizer M\u00e4nner an den Urnen der Verfassungs\u00e4nderung zu, dass k\u00fcnftig alle Schweizerinnen und Schweizer die gleichen politischen Rechte wie sie haben und die Schweiz mitgestalten sollen. 2021 sind das \u2013 nur \u2013 50 Jahre: ein Grund zum Feiern? Auch!<\/p>\n<p>Aus den unterschiedlichsten Perspektiven wird im Jahr 2021 an diese 50 Jahre gedacht werden. \u00dcberlegungen, Abkl\u00e4rungen, Diskussionen sind an vielen Orten bereits im Gang: die Wissenschaft, Frauenorganisationen, politische Parteien, spezialisierte Institutionen und weitere Organisationen bereiten sich auf dieses Jubil\u00e4um vor.<\/p>\n<p>Das ist unsere Ausgangslage.<\/p>\n<\/div><\/section>\n<\/div><\/div><\/div><!-- close content main div --><\/div><\/div><div id='after_section_2'  class='main_color av_default_container_wrap container_wrap sidebar_right'  ><div class='container av-section-cont-open' ><div class='template-page content  av-content-small alpha units'><div class='post-entry post-entry-type-page post-entry-1769'><div class='entry-content-wrapper clearfix'>\n","protected":false},"excerpt":{"rendered":"","protected":false},"author":7,"featured_media":0,"parent":140,"menu_order":0,"comment_status":"closed","ping_status":"closed","template":"","meta":{"_monsterinsights_skip_tracking":false,"_monsterinsights_sitenote_active":false,"_monsterinsights_sitenote_note":"","_monsterinsights_sitenote_category":0,"footnotes":""},"class_list":["post-1769","page","type-page","status-publish","hentry"],"_links":{"self":[{"href":"https:\/\/ch2021.ch\/fr\/wp-json\/wp\/v2\/pages\/1769","targetHints":{"allow":["GET"]}}],"collection":[{"href":"https:\/\/ch2021.ch\/fr\/wp-json\/wp\/v2\/pages"}],"about":[{"href":"https:\/\/ch2021.ch\/fr\/wp-json\/wp\/v2\/types\/page"}],"author":[{"embeddable":true,"href":"https:\/\/ch2021.ch\/fr\/wp-json\/wp\/v2\/users\/7"}],"replies":[{"embeddable":true,"href":"https:\/\/ch2021.ch\/fr\/wp-json\/wp\/v2\/comments?post=1769"}],"version-history":[{"count":4,"href":"https:\/\/ch2021.ch\/fr\/wp-json\/wp\/v2\/pages\/1769\/revisions"}],"predecessor-version":[{"id":1774,"href":"https:\/\/ch2021.ch\/fr\/wp-json\/wp\/v2\/pages\/1769\/revisions\/1774"}],"up":[{"embeddable":true,"href":"https:\/\/ch2021.ch\/fr\/wp-json\/wp\/v2\/pages\/140"}],"wp:attachment":[{"href":"https:\/\/ch2021.ch\/fr\/wp-json\/wp\/v2\/media?parent=1769"}],"curies":[{"name":"wp","href":"https:\/\/api.w.org\/{rel}","templated":true}]}}

<style type="text/css" data-created_by="avia_inline_auto" id="style-css-av-jkjmqted-1bfc06e0696c006ffbba2ae48f5c592d">
.avia-section.av-jkjmqted-1bfc06e0696c006ffbba2ae48f5c592d{
background-color:#e3cc9b;
background:linear-gradient( to bottom right, #e3cc9b, #e2212a );
}
.avia-section.av-jkjmqted-1bfc06e0696c006ffbba2ae48f5c592d .av-extra-border-element .av-extra-border-inner{
background-color:#ffffff;
}
</style>
<div id='av_section_1'  class='avia-section av-jkjmqted-1bfc06e0696c006ffbba2ae48f5c592d header_color avia-section-no-padding avia-no-shadow  avia-builder-el-0  el_before_av_section  avia-builder-el-first  avia-bg-style-scroll av-minimum-height av-minimum-height-custom av-height-custom  container_wrap sidebar_right'   data-av_minimum_height_px='450'><div class='container av-section-cont-open' style='height:450px'><main  role="main" itemprop="mainContentOfPage"  class='template-page content  av-content-small alpha units'><div class='post-entry post-entry-type-page post-entry-1769'><div class='entry-content-wrapper clearfix'>

<style type="text/css" data-created_by="avia_inline_auto" id="style-css-av-1xn9f-60a3102d85cb0bac4be34634a8c4da3f">
.flex_column.av-1xn9f-60a3102d85cb0bac4be34634a8c4da3f{
border-radius:0px 0px 0px 0px;
padding:0px 0px 0px 0px;
}
</style>
<div  class='flex_column av-1xn9f-60a3102d85cb0bac4be34634a8c4da3f av_one_full  avia-builder-el-1  avia-builder-el-no-sibling  first flex_column_div av-animated-generic pop-up av-zero-column-padding  '     ><style type="text/css" data-created_by="avia_inline_auto" id="style-css-av-jxnrkv1n-73a392fa1c9d887a5d2b9149f7872d84">
#top .av-special-heading.av-jxnrkv1n-73a392fa1c9d887a5d2b9149f7872d84{
padding-bottom:10px;
font-size:5vw;
}
body .av-special-heading.av-jxnrkv1n-73a392fa1c9d887a5d2b9149f7872d84 .av-special-heading-tag .heading-char{
font-size:25px;
}
#top #wrap_all .av-special-heading.av-jxnrkv1n-73a392fa1c9d887a5d2b9149f7872d84 .av-special-heading-tag{
font-size:5vw;
}
.av-special-heading.av-jxnrkv1n-73a392fa1c9d887a5d2b9149f7872d84 .av-subheading{
font-size:15px;
}

@media only screen and (min-width: 480px) and (max-width: 767px){ 
#top #wrap_all .av-special-heading.av-jxnrkv1n-73a392fa1c9d887a5d2b9149f7872d84 .av-special-heading-tag{
font-size:0.8em;
}
}

@media only screen and (max-width: 479px){ 
#top #wrap_all .av-special-heading.av-jxnrkv1n-73a392fa1c9d887a5d2b9149f7872d84 .av-special-heading-tag{
font-size:0.8em;
}
}
</style>
<div  class='av-special-heading av-jxnrkv1n-73a392fa1c9d887a5d2b9149f7872d84 av-special-heading-h1 blockquote modern-quote  avia-builder-el-2  avia-builder-el-no-sibling  av-inherit-size'><h1 class='av-special-heading-tag '  itemprop="headline"  >Geschichte des Frauenstimmrechts</h1><div class="special-heading-border"><div class="special-heading-inner-border"></div></div></div></div>

</div></div></main><!-- close content main element --></div><div class='av-extra-border-element border-extra-diagonal border-extra-diagonal-inverse '><div class='av-extra-border-outer'><div class='av-extra-border-inner'></div></div></div></div><div id='av_section_2'  class='avia-section av-bnpe1-3862db963e8e956298042bb121737694 main_color avia-section-default avia-no-border-styling  avia-builder-el-3  el_after_av_section  avia-builder-el-last  avia-bg-style-scroll container_wrap sidebar_right'  ><div class='container av-section-cont-open' ><div class='template-page content  av-content-small alpha units'><div class='post-entry post-entry-type-page post-entry-1769'><div class='entry-content-wrapper clearfix'>
<section  class='av_textblock_section av-jxnrkw6r-3e9730cb5a70773dc7666786c1c6be05 '   itemscope="itemscope" itemtype="https://schema.org/CreativeWork" ><div class='avia_textblock'  itemprop="text" ><p>Am 7. Februar 1971 stimmten die Schweizer Männer an den Urnen der Verfassungsänderung zu, dass künftig alle Schweizerinnen und Schweizer die gleichen politischen Rechte wie sie haben und die Schweiz mitgestalten sollen. 2021 sind das – nur – 50 Jahre: ein Grund zum Feiern? Auch!</p>
<p>Aus den unterschiedlichsten Perspektiven wird im Jahr 2021 an diese 50 Jahre gedacht werden. Überlegungen, Abklärungen, Diskussionen sind an vielen Orten bereits im Gang: die Wissenschaft, Frauenorganisationen, politische Parteien, spezialisierte Institutionen und weitere Organisationen bereiten sich auf dieses Jubiläum vor.</p>
<p>Das ist unsere Ausgangslage.</p>
</div></section>
</div></div></div><!-- close content main div --></div></div><div id='after_section_2'  class='main_color av_default_container_wrap container_wrap sidebar_right'  ><div class='container av-section-cont-open' ><div class='template-page content  av-content-small alpha units'><div class='post-entry post-entry-type-page post-entry-1769'><div class='entry-content-wrapper clearfix'>
